*w + 5*m - 695. What is the highest common factor of r and w?
15
Let i(b) = b + 5. Let w(c) = c**2 - 7*c + 8. Let m be w(6). Let q be m - (1 + 3) - -6. Let n be i(q). Calculate the greatest common factor of 9 and n.
9
Let q(p) be the third derivative of -5/6*p**3 + 0 + 0*p + 11*p**2 - 1/24*p**4. Let a be q(-6). What is the greatest common factor of a and 1?
1
Suppose -5*s + 44 = -i, -i - 5*s = -s + 26. Let k = -32 - i. Calculate the highest common divisor of k and 16.
2
Let d be (-7)/((-21)/(-144))*4/(-6). Let t be (d/(-3))/(-2)*(-9)/(-4). What is the greatest common divisor of 24 and t?
12
Let b(m) = -2*m + 1. Let q be b(-4). Calculate the greatest common divisor of q and 477.
9
Let f(z) = 309*z - 41. Let g be f(1). Calculate the highest common divisor of 8 and g.
4
Let r(b) = 21*b - 225. Let l be r(15). What is the greatest common factor of 390 and l?
30
Suppose j = 3*s + 11 + 52, -2*s + j - 42 = 0. Let z be 10/15 + s/(-9). What is the highest common divisor of 6 and z?
3
Suppose 0*m + 2*n - 258 = -4*m, 4*m + 3*n - 257 = 0. Suppose 15*u - 13*u + 3*t = 61, 4*t = 4*u - 92. What is the highest common factor of m and u?
13
Suppose 2*x - 170 = -42. Suppose -24*y - x = -28*y. What is the highest common divisor of 4 and y?
4
Let a = 110 + 0. Calculate the highest common divisor of 825 and a.
55
Suppose 5*p = 119 + 31. Let x(s) = 4 - s + 3*s + 4. Let q be x(6). Calculate the greatest common divisor of q and p.
10
Suppose -5*c + 7 = 2*r + 11, -c = -3*r + 11. Suppose 0 = -5*w + r*w + 506. Calculate the highest common divisor of w and 11.
11
Let g(v) be the second derivative of -5*v**3/3 - v**2/2 - 17*v. Let c be g(-4). Calculate the greatest common factor of c and 39.
39
Suppose -2*c - 208 = -3*w, -310 = -2*w - 3*w - 4*c. Calculate the greatest common factor of 638 and w.
22
Let k = 29 - 11. Let y(l) = 7*l**2 - 10*l - 12. Let i be y(6). What is the highest common factor of i and k?
18
Suppose -4*o + 704 = -0*o. Suppose 0 = 157*t + 1155 - 3667. What is the highest common divisor of t and o?
16
Let s(b) = 6*b**2 - 32*b + 5. Let i be s(7). What is the greatest common factor of 600 and i?
75
Let o = 146 - 74. Let m be 6248/704 - (-2)/16. Calculate the highest common divisor of o and m.
9
Let u(v) = v**3 + 4*v**2 + 3*v - 5. Let y be u(-5). Let j = y - -69. Let l be (4/(-10))/((-1)/20). Calculate the greatest common factor of j and l.
8
Let n(i) = -4*i**2 + 3*i - 4. Let t be n(1). Let o = -1 - t. Calculate the highest common divisor of 36 and o.
4
Let i = -34 - -65. Suppose -u - 4*u = p - i, 0 = u + 3*p - 9. Calculate the highest common divisor of 6 and u.
6
Let y(s) = -13*s - 2. Let z be y(-1). Suppose -5*f - 10 = 0, z + 29 = 5*n - 5*f. Calculate the highest common factor of 42 and n.
6
Suppose 2*a = d, 3*d - a + 2*a = 7. Suppose 0 = -m + 4, -2*s = d*s + 4*m - 184. Let o be ((-20)/(-7))/(6/s). What is the greatest common factor of 8 and o?
4
Let f(i) = -i**3 + 39*i**2 + 84*i - 64. Let c be f(41). Calculate the greatest common factor of 10 and c.
2
Suppose -3*x - 2*i = -1828, 2*x + i = 1346 - 128. Let v = x + -423. What is the greatest common divisor of v and 74?
37
Let n(a) = 2*a**2 - 32*a + 33. Let q be n(24). Let h = -227 + q. Calculate the greatest common divisor of 38 and h.
38
Let m(w) = -23*w - 4 - 1 + 6*w. Let y be m(-1). Calculate the highest common divisor of y and 24.
12
Suppose -192 = -150*d + 138*d. What is the greatest common factor of 22 and d?
2
Let i = -374 + 384. Calculate the highest common factor of 230 and i.
10
Suppose -2755 = -4*y - 3*r + 2*r, -5*y - 4*r + 3430 = 0. What is the greatest common divisor of 30 and y?
30
Let g(z) = z**2 + z - 1. Let a(r) = 7*r**3 + 3*r**2 - r - 4. Let p(h) = -a(h) + g(h). Let s be p(-1). Calculate the highest common factor of s and 42.
6
Let r(l) = -3 + 5 + 7 - l. Let u be r(-11). Calculate the greatest common divisor of u and 40.
20
Suppose 0 = -d - l + 14, 3*l - 10 = -d + 4. Suppose -4*h - 68 = 32. Let n be -48*(h/(-15) + -4). Calculate the highest common divisor of d and n.
14
Suppose -3*f + 576 = -3*k, -5*k = 2*f - 2*k - 374. Let b = 278 - f. Calculate the greatest common factor of 8 and b.
8
Let b(z) = 6*z - 1. Let s be b(2). Let l = 11 + s. Suppose 4*d - 3*w = -4*w + 972, -4*d + 948 = -5*w. Calculate the greatest common divisor of d and l.
22
Let h = -6901 + 6956. Let s = 1 - -1. Suppose -s*z = -z - 11. Calculate the greatest common factor of h and z.
11
Suppose -756 = -32*i + 8044. What is the highest common factor of i and 22?
11
Let j(v) = 10*v + 552. Let h be j(-51). Calculate the highest common divisor of h and 35.
7
Let p = 25 - 20. Suppose -p*x + 5*y - 9 = -4*x, 2*y + 24 = 5*x. Let o be x/(-4)*(-78)/9. What is the highest common factor of 13 and o?
13
Let d = 35 + -29. Suppose 210 = d*z - z. Calculate the greatest common factor of z and 6.
6
Suppose 0*v - u + 2496 = 2*v, 0 = 2*v + 5*u - 2496. Calculate the greatest common factor of 78 and v.
78
Let j(v) = v - 5. Let g be j(5). Let f = -33 - g. Let n be (-2580)/(-33) - (-6)/f. Calculate the highest common divisor of 52 and n.
26
Suppose l - 37 = 9. Suppose 4*h = l + 38. Let q = -65 + 296. What is the greatest common divisor of q and h?
21
Let m be (-2)/((-1)/(-3) - 1). Suppose -y + m*k + 38 = 0, -2*y = 5*k - 32 - 0. What is the greatest common divisor of 13 and y?
13
Let r be (-376)/10 + (-8)/20. Let y = -2 - r. Suppose 32 = 2*o + 6*o. Calculate the greatest common factor of y and o.
4
Suppose -83 = -3*p - 2*x + 101, 0 = -4*p + 3*x + 234. Suppose -4*k + n + 84 = 0, 3*k = k - 3*n + 28. Calculate the greatest common factor of p and k.
20
Let p be (13/1)/(7/14). Let h(n) = 3*n**2 - n - 5. Let k be h(4). What is the greatest common divisor of k and p?
13
Let o be ((-84)/(-30))/(6/15). Calculate the highest common factor of o and 77.
7
Suppose 31*u = 881 + 917. Calculate the highest common divisor of u and 667.
29
Suppose 38 = o + 12. Suppose -m + o = 20. Calculate the highest common factor of m and 6.
6
Let y = 528 - 495. What is the highest common factor of 44 and y?
11
Let u be (182/78)/(2/6). Calculate the highest common divisor of 35 and u.
7
Suppose -156 = 4*z - 4*s, 2*z - z = -2*s - 54. Let f be (-15)/(360/(-16)) - z/6. What is the greatest common divisor of 10 and f?
2
Let a(d) = -5*d**2. Let f be a(-1). Let i(j) = j + 7. Let x be i(f). What is the greatest common divisor of x and 8?
2
Let l = -386 + 408. What is the greatest common factor of l and 418?
22
Suppose -a + 900 = 12*c - 10*c, -4*a - 2*c = -3570. What is the highest common divisor of 10 and a?
10
Suppose 20 = -4*n + 84. Calculate the greatest common divisor of 40 and n.
8
Suppose -x = 5*y - 23, -3*y = -5*x - 0*x - 25. Suppose 5 = y*v - 3*p, -5*p + 1 = -5*v + 6. Calculate the highest common divisor of 3 and v.
1
Let k = 140 + 586. What is the greatest common divisor of k and 132?
66
Let k be (99/(-6))/((-6)/16). Let a = 1610 - 1258. What is the highest common divisor of k and a?
44
Let f(t) = 2*t + 10. Let z(v) = v. Let n(i) = f(i) + 3*z(i). Suppose 31*g - 25*g = 48. Let c be n(g). What is the greatest common divisor of c and 20?
10
Let n = -17 - -26. Let y be 16/12 + (-368)/(-48). Calculate the highest common divisor of y and n.
9
Let n be 1*(-80)/(-2) + 0. Let m = -31 - -41. Let g be (-2 - -1) + (19 - m). What is the highest common divisor of g and n?
8
Suppose -3*t + 6*t = -48. Let v = 20 + t. Suppose -4*k = -u - 11, 5*u + 9*k = v*k + 70. Calculate the highest common factor of u and 18.
9
Suppose -5*c + r - 23 = 0, 2*c + r = 5*r - 20. Let v = c + 15. Calculate the highest common factor of 77 and v.
11
Let s = 1220 - 1206. Calculate the highest common divisor of s and 938.
14
Suppose 0 = -2*c - 11 + 51. Suppose c = -2*s + g, s - 3*g = -3*s - 38. Let q = s - -21. Calculate the highest common divisor of 30 and q.
10
Let l = 15 + -35. Let a be (l/16)/(2/(-31 + -1)). Calculate the highest common factor of a and 80.
20
Let s be (16/(-2))/(((-140)/30)/14). Calculate the highest common factor of s and 64.
8
Let q = -8 + 18. Suppose -q = m + 10. Let r = m - -40. What is the greatest common factor of r and 10?
10
Let l be (-1)/(-7) - 8/56. Suppose 4*c = -l*c + 52. What is the highest common factor of 13 and c?
13
Let a(j) = j**3 - 8*j + 16. Let k be a(-7). Let y = -166 - k. Calculat